tors of 70923038?
2, 29, 1222811
List the prime factors of 108203904.
2, 3, 131, 239
List the prime factors of 72325932.
2, 3, 7, 19, 45317
What are the prime factors of 859304003?
631, 1361813
What are the prime factors of 102679292?
2, 37, 693779
List the prime factors of 47304439.
7, 13, 83, 6263
What are the prime factors of 1552703531?
59, 139, 3209
What are the prime factors of 1904036521?
31517, 60413
What are the prime factors of 3486104985?
3, 5, 11, 1049, 1831
What are the prime factors of 1016865927?
3, 7, 11, 489113
List the prime factors of 197988907.
197988907
List the prime factors of 50962613.
13, 3920201
List the prime factors of 769873772.
2, 59, 3262177
List the prime factors of 102529952.
2, 7, 23, 2843
List the prime factors of 1027869949.
1027869949
List the prime factors of 59947845.
3, 5, 3996523
What are the prime factors of 34183854?
2, 3, 101, 18803
What are the prime factors of 209255301?
3, 31, 750019
What are the prime factors of 150155091?
3, 541, 30839
List the prime factors of 3325376580.
2, 3, 5, 19, 1021, 2857
What are the prime factors of 184268709?
3, 23, 296729
What are the prime factors of 276663671?
276663671
List the prime factors of 59651449.
11, 13, 43, 89, 109
What are the prime factors of 203348499?
3, 31, 2186543
What are the prime factors of 4027956732?
2, 3, 111887687
What are the prime factors of 214560494?
2, 5413, 19819
What are the prime factors of 2545154109?
3, 107, 880981
List the prime factors of 19864705.
5, 7, 41, 109, 127
List the prime factors of 2214835972.
2, 553708993
What are the prime factors of 81378941?
7, 61, 190583
List the prime factors of 192442352.
2, 12027647
What are the prime factors of 58560306?
2, 3, 7, 1394293
List the prime factors of 42472073.
7, 866777
List the prime factors of 6214504480.
2, 5, 41, 43, 22031
List the prime factors of 87583297.
87583297
What are the prime factors of 59441695?
5, 43, 83, 3331
What are the prime factors of 66622938?
2, 3, 83, 133781
List the prime factors of 4652190313.
383, 12146711
List the prime factors of 7723744.
2, 7, 29, 41
List the prime factors of 599643778.
2, 41, 2389, 3061
List the prime factors of 2148855119.
11299, 190181
List the prime factors of 7136318050.
2, 5, 1087, 131303
List the prime factors of 58667982.
2, 3, 859, 11383
List the prime factors of 47711442.
2, 3, 1297, 6131
What are the prime factors of 1919346336?
2, 3, 1087, 6131
List the prime factors of 140289968.
2, 7, 13, 96353
What are the prime factors of 809797731?
3, 23, 11736199
List the prime factors of 3064776.
2, 3, 11, 13, 19, 47
What are the prime factors of 4107325511?
17, 41, 346639
What are the prime factors of 7229465684?
2, 7, 36885029
List the prime factors of 178017693.
3, 7, 17, 37, 13477
What are the prime factors of 149324986?
2, 109, 684977
List the prime factors of 205163503.
205163503
What are the prime factors of 75554864?
2, 7, 11, 8761
List the prime factors of 102105210.
2, 3, 5, 1151, 2957
What are the prime factors of 53069532?
2, 3, 4422461
List the prime factors of 2980625267.
11393, 261619
List the prime factors of 16155739.
16155739
What are the prime factors of 31001165?
5, 13, 617, 773
What are the prime factors of 1488641547?
3, 113, 1627, 2699
List the prime factors of 3724222340.
2, 5, 29, 6421073
List the prime factors of 923790868.
2, 7, 11, 13, 19, 12143
What are the prime factors of 34877490?
2, 3, 5, 1162583
What are the prime factors of 112718353?
11, 10247123
What are the prime factors of 806824175?
5, 97, 332711
What are the prime factors of 2102889?
3, 700963
List the prime factors of 19425591.
3, 587, 3677
List the prime factors of 378349118.
2, 7, 27024937
List the prime factors of 1179780684.
2, 3, 109, 901973
What are the prime factors of 202944387?
3, 23, 2941223
What are the prime factors of 1212991219?
11, 31, 1049, 3391
What are the prime factors of 198100476?
2, 3, 7, 761, 1033
List the prime factors of 106771156.
2, 29, 920441
What are the prime factors of 75976019?
7, 953, 1627
List the prime factors of 82575310.
2, 5, 8257531
List the prime factors of 63097406.
2, 47, 671249
What are the prime factors of 12332815?
5, 11, 224233
List the prime factors of 726660557.
7, 103808651
What are the prime factors of 190337487?
3, 1487, 42667
List the prime factors of 4199429535.
3, 5, 7, 29, 107, 12889
What are the prime factors of 323808844?
2, 80952211
What are the prime factors of 141756011?
141756011
What are the prime factors of 27157520?
2, 5, 13, 26113
What are the prime factors of 67066448?
2, 401, 10453
List the prime factors of 1716259286.
2, 7, 71, 811, 2129
What are the prime factors of 186293726?
2, 93146863
What are the prime factors of 153086400?
2, 3, 5, 10631
What are the prime factors of 1569882035?
5, 1493, 210299
What are the prime factors of 257351604?
2, 3, 193, 111119
What are the prime factors of 4714827482?
2, 29, 109, 337, 2213
List the prime factors of 310192849.
383, 809903
What are the prime factors of 70621977?
3, 149, 157991
What are the prime factors of 3686762?
2, 23, 80147
What are the prime factors of 22447298?
2, 11223649
List the prime factors of 107341812.
2, 3, 1471, 2027
What are the prime factors of 224576933?
7, 3301, 9719
List the prime factors of 1210944503.
23, 29, 1815509
What are the prime factors of 1591258658?
2, 11, 443, 14843
List the prime factors of 269556647.
107, 2519221
What are the prime factors of 153279739?
153279739
What are the prime factors of 51470104?
2, 7, 919109
What are the prime factors of 3647353419?
3, 61, 2467, 2693
List the prime factors of 330840275.
5, 41, 322771
List the prime factors of 1397274930.
2, 3, 5, 15525277
What are the prime factors of 232535854?
2, 137, 848671
What are the prime factors of 259357751?
151, 823, 2087
What are the prime factors of 48313020?
2, 3, 5, 7, 16433
List the prime factors of 13293990.
2, 3, 5, 53, 929
What are the prime factors of 8533093926?
2, 3, 7, 29024129
What are the prime factors of 73094577?
3, 17, 19, 241, 313
List the prime factors of 1279218528.
2, 3, 7, 257, 823
List the prime factors of 22925058.
2, 3, 13, 19, 31, 499
What are the prime factors of 62988705?
3, 5, 13, 19, 1889
List the prime factors of 431687597.
11, 53, 71, 10429
List the prime factors of 397586180.
2, 5, 103, 193003
List the prime factors of 2825799678.
2, 3, 13, 12076067
What are the prime factors of 621204398?
2, 310602199
List the prime factors of 1096583180.
2, 5, 7, 11, 712067
List the prime factors of 24425650.
2, 5, 488513
What are the prime factors of 124558280?
2, 5, 7, 11, 37, 1093
What are the prime factors of 694964786?
2, 19, 107, 170921
What are the prime factors of 6168182804?
2, 7, 47, 4687069
What are the prime factors of 252451289?
23, 10976143
List the prime factors of 2948400797.
17, 23, 29, 260023
What are the prime factors of 2715887580?
2, 3, 5, 7, 6466399
What are the prime factors of 495119998?
2, 163, 1518773
List the prime factors of 3268130614.
2, 7, 2113, 110477
List the prime factors of 21874438.
2, 107, 102217
List the prime factors of 1477456290.
2, 3, 5, 23, 713747
List the prime factors of 146284731.
3, 5417953
What are the prime factors of 74539773?
3, 7, 11, 29, 3709
What are the prime factors of 15730017?
3, 5243339
List the prime factors of 257616483.
3, 29, 43, 68863
List the prime factors of 76666648.
2, 9583331
What are the prime factors of 2479660404?
2, 3, 13, 47, 338197
List the prime factors of 66910474.
2, 33455237
What are the prime factors of 8697818456?
2, 1087227307
What are the prime factors of 354245769?
3, 461, 85381
List the prime factors of 88136638.
2, 44068319
What are the prime factors of 57366427?
57366427
What are the prime factors of 475716770?
2, 5, 37, 149, 8629
List the prime factors of 809581340.
2, 5, 40479067
List the prime factors of 108562508.
2, 2411, 11257
What are the prime factors of 302542609?
31, 9759439
What are the prime factors of 383031991?
9629, 39779
List the prime factors of 1344129825.
3, 5, 19, 943249
What are the prime factors of 17591400?
2, 3, 5, 29, 337
What are the prime factors of 1026637424?
2, 269, 238531
List the prime factors of 289396902.
2, 3, 23, 857, 2447
List the prime factors of 14317637.
14317637
List the prime fac